{"id":61,"date":"2018-03-18T17:03:00","date_gmt":"2018-03-18T16:03:00","guid":{"rendered":"http:\/\/plug.izone.be\/cap-ciel-bxl\/?page_id=61"},"modified":"2018-10-30T18:13:22","modified_gmt":"2018-10-30T17:13:22","slug":"changer-de-cap","status":"publish","type":"page","link":"http:\/\/plug.izone.be\/cap-ciel-bxl\/changer-de-cap\/","title":{"rendered":"Changer de cap"},"content":{"rendered":"<p>[vc_row][vc_column][vc_column_text]<\/p>\n<ol>\n<li>\n<h4><span style=\"color: #0000ff\"><a style=\"color: #0000ff\" href=\"http:\/\/plug.izone.be\/cap-ciel-bxl\/changer-de-cap\/paroisses\/\"><strong>Paroisses: maintien et collaborations inter-paroissiales<\/strong><\/a><\/span><\/h4>\n<\/li>\n<li>\n<h4><span style=\"color: #0000ff\"><a style=\"color: #0000ff\" href=\"http:\/\/plug.izone.be\/cap-ciel-bxl\/changer-de-cap\/eglises\/\"><b>Eglises: <\/b>maintien, ouvertures et partages<\/a><\/span><\/h4>\n<\/li>\n<li>\n<h4><span style=\"color: #0000ff\"><a style=\"color: #0000ff\" href=\"http:\/\/plug.izone.be\/cap-ciel-bxl\/changer-de-cap\/cathedrale\/\"><b>Cath\u00e9drale: m\u00e9moire du miracle eucharistique, <\/b>restitution du mus\u00e9e au culte<\/a><\/span><\/h4>\n<\/li>\n<li>\n<h4><span style=\"color: #0000ff\"><a style=\"color: #0000ff\" href=\"http:\/\/plug.izone.be\/cap-ciel-bxl\/changer-de-cap\/sacrements\/\"><b>Sacrements: <\/b>don des sacrements durant l&rsquo;enfance<\/a><\/span><\/h4>\n<\/li>\n<li>\n<h4><span style=\"color: #0000ff\"><a style=\"color: #0000ff\" href=\"http:\/\/plug.izone.be\/cap-ciel-bxl\/vie-religieuse-et-sacerdoce\/\"><b>Vie religieuse et sacerdoce: <\/b>accueil et valorisation<\/a><\/span><\/h4>\n<\/li>\n<\/ol>\n<p>[\/vc_column_text][\/vc_column][\/vc_row]<\/p>\n","protected":false},"excerpt":{"rendered":"<p>[vc_row][vc_column][vc_column_text] Paroisses: maintien et collaborations inter-paroissiales Eglises: maintien, ouvertures et partages Cath\u00e9drale: m\u00e9moire du miracle eucharistique, restitution du mus\u00e9e au culte Sacrements: don des sacrements durant l&rsquo;enfance Vie religieuse et sacerdoce: accueil et valorisation [\/vc_column_text][\/vc_column][\/vc_row]<\/p>\n","protected":false},"author":12,"featured_media":0,"parent":0,"menu_order":0,"comment_status":"closed","ping_status":"closed","template":"","meta":{"_et_pb_use_builder":"","_et_pb_old_content":"","_et_gb_content_width":"","footnotes":""},"class_list":["post-61","page","type-page","status-publish","hentry"],"_links":{"self":[{"href":"http:\/\/plug.izone.be\/cap-ciel-bxl\/wp-json\/wp\/v2\/pages\/61","targetHints":{"allow":["GET"]}}],"collection":[{"href":"http:\/\/plug.izone.be\/cap-ciel-bxl\/wp-json\/wp\/v2\/pages"}],"about":[{"href":"http:\/\/plug.izone.be\/cap-ciel-bxl\/wp-json\/wp\/v2\/types\/page"}],"author":[{"embeddable":true,"href":"http:\/\/plug.izone.be\/cap-ciel-bxl\/wp-json\/wp\/v2\/users\/12"}],"replies":[{"embeddable":true,"href":"http:\/\/plug.izone.be\/cap-ciel-bxl\/wp-json\/wp\/v2\/comments?post=61"}],"version-history":[{"count":11,"href":"http:\/\/plug.izone.be\/cap-ciel-bxl\/wp-json\/wp\/v2\/pages\/61\/revisions"}],"predecessor-version":[{"id":592,"href":"http:\/\/plug.izone.be\/cap-ciel-bxl\/wp-json\/wp\/v2\/pages\/61\/revisions\/592"}],"wp:attachment":[{"href":"http:\/\/plug.izone.be\/cap-ciel-bxl\/wp-json\/wp\/v2\/media?parent=61"}],"curies":[{"name":"wp","href":"https:\/\/api.w.org\/{rel}","templated":true}]}}

<p>[vc_row][vc_column][vc_column_text]</p>
<ol>
<li>
<h4><span style="color: #0000ff"><a style="color: #0000ff" href="http://plug.izone.be/cap-ciel-bxl/changer-de-cap/paroisses/"><strong>Paroisses: maintien et collaborations inter-paroissiales</strong></a></span></h4>
</li>
<li>
<h4><span style="color: #0000ff"><a style="color: #0000ff" href="http://plug.izone.be/cap-ciel-bxl/changer-de-cap/eglises/"><b>Eglises: </b>maintien, ouvertures et partages</a></span></h4>
</li>
<li>
<h4><span style="color: #0000ff"><a style="color: #0000ff" href="http://plug.izone.be/cap-ciel-bxl/changer-de-cap/cathedrale/"><b>Cathédrale: mémoire du miracle eucharistique, </b>restitution du musée au culte</a></span></h4>
</li>
<li>
<h4><span style="color: #0000ff"><a style="color: #0000ff" href="http://plug.izone.be/cap-ciel-bxl/changer-de-cap/sacrements/"><b>Sacrements: </b>don des sacrements durant l&rsquo;enfance</a></span></h4>
</li>
<li>
<h4><span style="color: #0000ff"><a style="color: #0000ff" href="http://plug.izone.be/cap-ciel-bxl/vie-religieuse-et-sacerdoce/"><b>Vie religieuse et sacerdoce: </b>accueil et valorisation</a></span></h4>
</li>
</ol>
<p>[/vc_column_text][/vc_column][/vc_row]</p>

<p>[vc_row][vc_column][vc_column_text] Paroisses: maintien et collaborations inter-paroissiales Eglises: maintien, ouvertures et partages Cathédrale: mémoire du miracle eucharistique, restitution du musée au culte Sacrements: don des sacrements durant l&rsquo;enfance Vie religieuse et sacerdoce: accueil et valorisation [/vc_column_text][/vc_column][/vc_row]</p>
